{"id":18,"date":"2025-02-17T22:30:01","date_gmt":"2025-02-17T21:30:01","guid":{"rendered":"https:\/\/cracou-mcgee.synology.me\/wordpress\/?page_id=18"},"modified":"2026-04-13T22:16:37","modified_gmt":"2026-04-13T20:16:37","slug":"le-nouveau-e-mucem-ouvre-ses-portes-2","status":"publish","type":"page","link":"https:\/\/www.backinpower.fr\/","title":{"rendered":"Back In Power"},"content":{"rendered":"\n<div class=\"wp-block-group alignwide\"><div class=\"wp-block-group__inner-container is-layout-flow wp-block-group-is-layout-flow\">\n<h3 class=\"wp-block-heading alignfull has-text-align-center\">Groupe de Rock aux influences multiples.<\/h3>\n\n\n\n<blockquote class=\"wp-block-quote is-layout-flow wp-block-quote-is-layout-flow\">\n<p>Form\u00e9 de Jean-Luc, Carlos,  St\u00e9phane, Thomas et Laurent, encore un peu adolescents dans la t\u00eate et guid\u00e9s par le plaisir de jouer.<\/p>\n\n\n\n<p>Nos influences sont un m\u00e9lange de Rock, Grunge et Punk. Actuellement nous faisons des reprises, mais la compo pointe le bout de son nez.<\/p>\n<\/blockquote>\n\n\n\n<figure class=\"wp-block-gallery has-nested-images columns-default is-cropped wp-block-gallery-1 is-layout-flex wp-block-gallery-is-layout-flex\">\n<figure class=\"wp-block-image size-large\"><img loading=\"lazy\" decoding=\"async\" width=\"819\" height=\"1024\" data-id=\"338\" src=\"https:\/\/www.backinpower.fr\/wp-content\/uploads\/2025\/09\/Carlos-819x1024.jpeg\" alt=\"\" class=\"wp-image-338\"\/><figcaption class=\"wp-element-caption\">Carlos &#8211; Chant<\/figcaption><\/figure>\n\n\n\n<figure class=\"wp-block-image size-large\"><img loading=\"lazy\" decoding=\"async\" width=\"507\" height=\"1024\" data-id=\"340\" src=\"https:\/\/www.backinpower.fr\/wp-content\/uploads\/2025\/09\/Stef-507x1024.jpeg\" alt=\"\" class=\"wp-image-340\" srcset=\"https:\/\/www.backinpower.fr\/wp-content\/uploads\/2025\/09\/Stef-507x1024.jpeg 507w, https:\/\/www.backinpower.fr\/wp-content\/uploads\/2025\/09\/Stef-149x300.jpeg 149w, https:\/\/www.backinpower.fr\/wp-content\/uploads\/2025\/09\/Stef.jpeg 698w\" sizes=\"auto, (max-width: 507px) 100vw, 507px\" \/><figcaption class=\"wp-element-caption\">Stef &#8211; Guitare<\/figcaption><\/figure>\n\n\n\n<figure class=\"wp-block-image size-large\"><img loading=\"lazy\" decoding=\"async\" width=\"540\" height=\"1024\" data-id=\"341\" src=\"https:\/\/www.backinpower.fr\/wp-content\/uploads\/2025\/09\/Thomas-540x1024.jpeg\" alt=\"\" class=\"wp-image-341\" srcset=\"https:\/\/www.backinpower.fr\/wp-content\/uploads\/2025\/09\/Thomas-540x1024.jpeg 540w, https:\/\/www.backinpower.fr\/wp-content\/uploads\/2025\/09\/Thomas-158x300.jpeg 158w, https:\/\/www.backinpower.fr\/wp-content\/uploads\/2025\/09\/Thomas.jpeg 702w\" sizes=\"auto, (max-width: 540px) 100vw, 540px\" \/><figcaption class=\"wp-element-caption\">Thomas &#8211; Guitare<\/figcaption><\/figure>\n\n\n\n<figure class=\"wp-block-image size-large\"><img loading=\"lazy\" decoding=\"async\" width=\"600\" height=\"1024\" data-id=\"342\" src=\"https:\/\/www.backinpower.fr\/wp-content\/uploads\/2025\/09\/JL-3-600x1024.jpeg\" alt=\"\" class=\"wp-image-342\" srcset=\"https:\/\/www.backinpower.fr\/wp-content\/uploads\/2025\/09\/JL-3-600x1024.jpeg 600w, https:\/\/www.backinpower.fr\/wp-content\/uploads\/2025\/09\/JL-3-176x300.jpeg 176w, https:\/\/www.backinpower.fr\/wp-content\/uploads\/2025\/09\/JL-3-768x1311.jpeg 768w, https:\/\/www.backinpower.fr\/wp-content\/uploads\/2025\/09\/JL-3-900x1536.jpeg 900w, https:\/\/www.backinpower.fr\/wp-content\/uploads\/2025\/09\/JL-3.jpeg 977w\" sizes=\"auto, (max-width: 600px) 100vw, 600px\" \/><figcaption class=\"wp-element-caption\">Jean-Luc &#8211; Batterie<\/figcaption><\/figure>\n\n\n\n<figure class=\"wp-block-image size-large\"><img loading=\"lazy\" decoding=\"async\" width=\"573\" height=\"1024\" data-id=\"343\" src=\"https:\/\/www.backinpower.fr\/wp-content\/uploads\/2025\/09\/Lolo-573x1024.jpeg\" alt=\"\" class=\"wp-image-343\" srcset=\"https:\/\/www.backinpower.fr\/wp-content\/uploads\/2025\/09\/Lolo-573x1024.jpeg 573w, https:\/\/www.backinpower.fr\/wp-content\/uploads\/2025\/09\/Lolo-168x300.jpeg 168w, https:\/\/www.backinpower.fr\/wp-content\/uploads\/2025\/09\/Lolo-768x1373.jpeg 768w, https:\/\/www.backinpower.fr\/wp-content\/uploads\/2025\/09\/Lolo.jpeg 813w\" sizes=\"auto, (max-width: 573px) 100vw, 573px\" \/><figcaption class=\"wp-element-caption\">Lolo &#8211; Basse<\/figcaption><\/figure>\n\n\n\n<figure class=\"wp-block-image size-large\"><img loading=\"lazy\" decoding=\"async\" width=\"771\" height=\"1024\" data-id=\"346\" src=\"https:\/\/www.backinpower.fr\/wp-content\/uploads\/2025\/09\/Noopy-02-771x1024.jpeg\" alt=\"\" class=\"wp-image-346\" srcset=\"https:\/\/www.backinpower.fr\/wp-content\/uploads\/2025\/09\/Noopy-02-771x1024.jpeg 771w, https:\/\/www.backinpower.fr\/wp-content\/uploads\/2025\/09\/Noopy-02-226x300.jpeg 226w, https:\/\/www.backinpower.fr\/wp-content\/uploads\/2025\/09\/Noopy-02-768x1021.jpeg 768w, https:\/\/www.backinpower.fr\/wp-content\/uploads\/2025\/09\/Noopy-02-1156x1536.jpeg 1156w, https:\/\/www.backinpower.fr\/wp-content\/uploads\/2025\/09\/Noopy-02-1200x1595.jpeg 1200w, https:\/\/www.backinpower.fr\/wp-content\/uploads\/2025\/09\/Noopy-02.jpeg 1204w\" sizes=\"auto, (max-width: 771px) 100vw, 771px\" \/><figcaption class=\"wp-element-caption\">Noupi &#8211; Manager<\/figcaption><\/figure>\n<\/figure>\n<\/div><\/div>\n","protected":false},"excerpt":{"rendered":"<p>Groupe de Rock aux influences multiples. Form\u00e9 de Jean-Luc, Carlos, St\u00e9phane, Thomas et Laurent, encore un peu adolescents dans la t\u00eate et guid\u00e9s par le plaisir de jouer. Nos influences sont un m\u00e9lange de Rock, Grunge et Punk. Actuellement nous faisons des reprises, mais la compo pointe le bout de son nez.<\/p>\n","protected":false},"author":1,"featured_media":0,"parent":0,"menu_order":0,"comment_status":"closed","ping_status":"closed","template":"","meta":{"footnotes":""},"class_list":["post-18","page","type-page","status-publish","hentry"],"_links":{"self":[{"href":"https:\/\/www.backinpower.fr\/index.php?rest_route=\/wp\/v2\/pages\/18","targetHints":{"allow":["GET"]}}],"collection":[{"href":"https:\/\/www.backinpower.fr\/index.php?rest_route=\/wp\/v2\/pages"}],"about":[{"href":"https:\/\/www.backinpower.fr\/index.php?rest_route=\/wp\/v2\/types\/page"}],"author":[{"embeddable":true,"href":"https:\/\/www.backinpower.fr\/index.php?rest_route=\/wp\/v2\/users\/1"}],"replies":[{"embeddable":true,"href":"https:\/\/www.backinpower.fr\/index.php?rest_route=%2Fwp%2Fv2%2Fcomments&post=18"}],"version-history":[{"count":23,"href":"https:\/\/www.backinpower.fr\/index.php?rest_route=\/wp\/v2\/pages\/18\/revisions"}],"predecessor-version":[{"id":523,"href":"https:\/\/www.backinpower.fr\/index.php?rest_route=\/wp\/v2\/pages\/18\/revisions\/523"}],"wp:attachment":[{"href":"https:\/\/www.backinpower.fr\/index.php?rest_route=%2Fwp%2Fv2%2Fmedia&parent=18"}],"curies":[{"name":"wp","href":"https:\/\/api.w.org\/{rel}","templated":true}]}}